s -1 - 222?
-223
In base 6, what is -3 - -21?
14
In base 2, what is 10011 - 1001?
1010
In base 8, what is 2 + -4751?
-4747
In base 15, what is 7 + 10?
17
In base 7, what is -2 - -151?
146
In base 2, what is -1110000 - -100?
-1101100
In base 10, what is 29 + -46?
-17
In base 12, what is -9 + 17?
a
In base 9, what is 2 + -80?
-77
In base 12, what is 5a4 - -3?
5a7
In base 11, what is -8 + 67?
5a
In base 6, what is -1004 - -4?
-1000
In base 6, what is 0 - -142?
142
In base 4, what is -22131 + 0?
-22131
In base 2, what is -1011100101 - 1?
-1011100110
In base 15, what is 180 + 6?
186
In base 13, what is 181 - -2?
183
In base 11, what is -21 - 148?
-169
In base 3, what is 1 - -112002?
112010
In base 3, what is 11012 + -1?
11011
In base 16, what is -457e - -2?
-457c
In base 11, what is a - 15?
-6
In base 9, what is -5 - -512?
506
In base 11, what is -2 + -775?
-777
In base 10, what is -130 - -4?
-126
In base 4, what is -2 - -13311?
13303
In base 14, what is 26 + 14b?
173
In base 9, what is 2 - -66?
68
In base 13, what is -23 + -19?
-3c
In base 3, what is 121010 + -222?
120011
In base 7, what is 600 - 0?
600
In base 8, what is 70 + 14?
104
In base 12, what is -b6 + 1?
-b5
In base 9, what is -5 - -201?
185
In base 5, what is -10 + -11400?
-11410
In base 13, what is -79bb + -4?
-79c2
In base 16, what is 1 + e4?
e5
In base 16, what is e - -1c?
2a
In base 12, what is -152 + 1?
-151
In base 6, what is -1020 + 1?
-1015
In base 3, what is -22 - -1021021?
1020222
In base 10, what is 14 + 7?
21
In base 4, what is 100 - 20?
20
In base 10, what is -4 - 37?
-41
In base 4, what is 13133 - 213?
12320
In base 4, what is 10 + 2132?
2202
In base 13, what is -82ca - -1?
-82c9
In base 13, what is 2413 + 3?
2416
In base 12, what is 508 + -3?
505
In base 5, what is 1310 - -4?
1314
In base 8, what is 0 - 151?
-151
In base 14, what is -3b + 10?
-2b
In base 4, what is -320 - -2?
-312
In base 3, what is 121011 - -1?
121012
In base 4, what is 2223 + 13?
2302
In base 15, what is 8b5 + 3?
8b8
In base 14, what is -1 - -176?
175
In base 5, what is -34 + 103?
14
In base 7, what is 2 + -30?
-25
In base 16, what is -2 - cfe?
-d00
In base 10, what is -3 + 60?
57
In base 7, what is 4 - -224?
231
In base 2, what is -10 + 111000?
110110
In base 9, what is 24 + -264?
-240
In base 4, what is -102 + -3?
-111
In base 2, what is -101 + -101010?
-101111
In base 11, what is 9 + a76?
a84
In base 9, what is 4 - 50?
-45
In base 4, what is -3 + -102013?
-102022
In base 5, what is -143 - 34?
-232
In base 5, what is 2 - 133?
-131
In base 15, what is -54 - e?
-63
In base 9, what is -81 + -15?
-106
In base 3, what is -112002 - 11?
-112020
In base 6, what is 212 - 25?
143
In base 3, what is 2220 + -21?
2122
In base 6, what is 345 + 3?
352
In base 15, what is -1ed + 4?
-1e9
In base 2, what is 1110 + 11110100?
100000010
In base 3, what is 2 - -1202212?
1202221
In base 9, what is -22 + -27?
-50
In base 7, what is 3364 + 2?
3366
In base 7, what is 266 + 42?
341
In base 13, what is -5 + aa2?
a9a
In base 13, what is 0 + 17?
17
In base 6, what is -132 - -11?
-121
In base 7, what is 5 + 1246?
1254
In base 5, what is 4 - -324?
333
In base 15, what is -4 + 65c?
658
In base 11, what is 3 + -3079?
-3076
In base 4, what is -210222 + -1?
-210223
In base 6, what is 0 + 233?
233
In base 14, what is 6 - -8b?
93
In base 2, what is -11 - -110100011?
110100000
In base 12, what is 3 + 30?
33
In base 3, what is 11202 - 22?
11110
In base 4, what is 10 + 210?
220
In base 5, what is 224 + -4?
220
In base 10, what is 19 - -5?
24
In base 2, what is -101010110100110 + -11?
-101010110101001
In base 3, what is -10222 - -1110?
-2112
In base 10, what is 0 - -1112?
1112
In base 14, what is -77 + 4?
-73
In base 5, what is 142343 - -2?
142400
In base 15, what is -3 + c6?
c3
In base 5, what is -10 + -232?
-242
In base 9, what is 1 + -44?
-43
In base 10, what is 60 + 2?
62
In base 5, what is -14 + -2102?
-2121
In base 3, what is -2 + 212200?
212121
In base 2, what is 11 - 10101100?
-10101001
In base 10, what is -5 + -61?
-66
In base 3, what is -12 + 1?
-11
In base 2, what is 110 - -101001?
101111
In base 13, what is -1a2 - -3?
-19c
In base 13, what is -10 + -114?
-124
In base 12, what is 1 + -293?
-292
In base 9, what is -8451 + 3?
-8447
In base 7, what is 2 - 3605?
-3603
In base 11, what is -5 + -274?
-279
In base 14, what is -7 - -b7?
b0
In base 6, what is 20 + 214?
234
In base 3, what is -2 + 10202101?
10202022
In base 12, what is 151a + -5?
1515
In base 4, what is 110 - -20320?
21030
In base 11, what is -36 - 1?
-37
In base 13, what is 25 - 53?
-2b
In base 4, what is -1323 - -11?
-1312
In base 3, what is 1 - 11002?
-11001
In base 2, what is 10100011111 + 100?
10100100011
In base 5, what is 1031 - 0?
1031
In base 13, what is 6 + -112?
-109
In base 3, what is -1011 - -10201?
2120
In base 6, what is 1 - 241?
-240
In base 12, what is 0 + -7?
-7
In base 8, what is -36 + -5?
-43
In base 14, what is 906 - -4?
90a
In base 15, what is -5 - 321?
-326
In base 13, what is 145 + 1?
146
In base 14, what is -7d + 4?
-79
In base 4, what is -3032 + 0?
-3032
In base 9, what is -5418 - -3?
-5415
In base 11, what is -769 - -5?
-764
In base 5, what is 10 + -313?
-303
In base 15, what is -3 + 5?
2
In base 7, what is 4 + -164?
-160
In base 15, what is d - 184?
-176
In base 4, what is 1023322 - 2?
1023320
In base 10, what is 2 + 7282?
7284
In base 9, what is -334 + 3?
-331
In base 10, what is -4 + -17?
-21
In base 16, what is 1e - 1?
1d
In base 3, what is -12210 + 1?
-12202
In base 5, what is -442 - -20?
-422
In base 2, what is 0 + -110100?
-110100
In base 4, what is 0 - 30220?
-30220
In base 6, what is 122 - 1?
121
In base 13, what is 887 - 5?
882
In base 4, what is 321001 - 3?
320332
In base 7, what is -53516 - -2?
-53514
In base 16, what is 166 - -2?
168
In base 8, what is -21 + 21?
0
In base 10, what is 2 - -1146?
1148
In base 15, what is 2 + -21?
-1e
In base 7, what is -24 - -260?
233
In base 9, what is 4 + -2235?
-2231
In base 13, what is -c1 + 4?
-ba
In base 5, what is 40 + 2?
42
In base 12, what is -6 + -b?
-15
In base 2, what is -10010111001 - 11?
-10010111100
In base 11, what is 2600 - 1?
25aa
In base 11, what is 318 + -11?
307
In base 2, what is -11000010 - -11?
-10111111
In base 15, what is 4 - -297?
29b
In base 5, what is -23 - 4323?
-4401
In base 12, what is -13 - -74?
61
In base 10, what is -10 + -139?
-149
In base 15, what is -3 + 4?
1
In base 12, what is 106 - 1?
105
In base 11, what is -5 + a5?
a0
In base 11, what is 2 - -5a0?
5a2
In base 10, what is 9 + -17?
-8
In base 16, what is -a - 22?
-2c
In base 16, what is -2 - -96?
94
In base 4, what is 3030332 + -2?
3030330
In base 8, what is 1122 + -2?
1120
In base 7, what is 13102 - -5?
13110
In base 11, what is -3 + -408?
-410
In base 10, what is -142 + -46?
-188
In base 8, what is -73 - 216?
-311
In base 6, what is -1 - 204?
-205
In base 14, what is c66 - 1?
c65
In base 4, what is -2 + -1102?
-1110
In base 14, what is 3 + -4c?
-49
In base 9, what is -87 + 0?
-87
In base 11, what is 4388 - 4?
4384
In base 8, what is 224 - -160?
404
In base 10, what is 23 - -11?
34
In base 7, what is 16 - 10?
6
In base 6, what is -5113 + 0?
-5113
In base 2, what is -11110 + 1111?
-1111
In base 7, what is 4 + -133?
-126
In base 4, what is 13 - 32032?
-32013
In base 13, what is 21 - -7?
28
In base 11, what is a + -167?
-158
In base 9, what is -22 + 316?
284
In base 10, what is -4 + -2?
-6
In base 4, what is 2 + -1123?
-1121
In base 10, what is -3 - -43?
40
In base 11, what is -448 - -5?
-443
In base 14, what is -38 - 11?
-49
In base 15, what is 110 - -2?
112
In base 4, what is -1 + 1000?
333
In base 5, what is -10 - 11200?
-11210
In base 6, what is 211 - -134?
345
In base 5, what is -13 + 12231?
12213
In base 9, what is -2 + 26?
24
In base 16, what is -4 + -16f?
-173
In base 5, what is -11 - -11?
0
In base 15, what is 2 + 1a2?
1a4
In base 9, what is -21 - 12?
-33
In base 10, what is 1 + -17?
-16
In base 6, what is -5 - -13505?
13500
In base 14, what is 5c6 + -4?
5c2
In base 11, what is -13 + -218?
-230
In base 13, what is 427 + -5?
422
In base 6, what is 12 + -233?
-221
In base 11, what is 1 + -265?
-264
In base 3, what is -12102 + 11?
-12021
In base 16, what is 5 + 3ec?
3f1
In base 14, what is 12 - -d?
21
In b